+ 41. Calculate the greatest common factor of z and 16.
16
Suppose -38*c + 43*c - 42085 = -5*y, -8*y = 4*c - 67336. Calculate the highest common factor of 190 and y.
19
Let s = 12697 + -12683. Let m be ((-2016)/(-54))/((-2)/(-6)). Calculate the highest common factor of m and s.
14
Suppose -2*j + 1068 = -3*w, w - 5*w + 8 = 0. Let u = 169670 + -169667. Calculate the greatest common divisor of u and j.
3
Let y(x) = 2*x**2 + 30*x + 51. Let l(v) = v**3 - 8*v**2 + 16*v - 19. Let w be l(5). Let o be y(w). Calculate the greatest common factor of o and 253.
23
Suppose -11*n = -12*n + 4. Let a be (20/(-15))/(n/(-330)) - 0. Calculate the highest common factor of 44 and a.
22
Let r = 1944 - 1842. What is the greatest common factor of r and 170?
34
Let v be (103 + 1)/(3/6). Suppose -5*j - 33*k + 65 = -36*k, k - 5 = 0. Calculate the highest common factor of v and j.
16
Let c = -9342 - -9366. Let k be (-3)/(-1) + 1 + 1. Let d = 3 + k. Calculate the greatest common divisor of d and c.
8
Let h(q) = -5*q**2 - 4*q - 6. Let i be h(-2). Let d be (i/(-4))/(12/40). Calculate the highest common factor of d and 10.
5
Let a be 30/(-4)*(-11 - -9) + -3. Suppose -a*w + 7*w = 970. Let h = -77 - w. Calculate the greatest common factor of 13 and h.
13
Let v(s) = -8*s + 73. Let z be v(5). What is the highest common divisor of z and 473?
11
Suppose -5*f + 2*o = -4*f - 12, 5*o = 2*f - 24. Calculate the greatest common divisor of f and 13866.
6
Suppose 1942 = 4*t + y + y, t + 2*y = 493. What is the greatest common divisor of t and 161?
161
Let l = 2248 + -2115. What is the highest common divisor of l and 49?
7
Suppose 56 = 3*l - u, 0 = -l - 0*u + 4*u + 26. Let h be (53 - -2)*(26/5 - -4). Suppose h - 344 = 6*x. What is the highest common divisor of l and x?
9
Suppose 3*r = b + 156, 2*b + 90 = -5*r + 372. Calculate the greatest common factor of 783 and r.
27
Suppose 0 = -8*i + 5908 + 2988. Let l be -2 + i/(9 + -5). What is the greatest common divisor of 24 and l?
12
Let j = -761 - -1285. Let p = j - 514. Calculate the greatest common divisor of p and 110.
10
Let b = -128 + 131. Suppose -8*k + 2672 = -3*k - b*g, 2*g = -8. What is the highest common factor of k and 28?
28
Suppose 2*i + 0*d + 2*d - 258 = 0, 5*d = -2*i + 261. Suppose 33*s + i = 41*s. Calculate the greatest common divisor of 256 and s.
16
Suppose 67*w - 130 = 65*w. Suppose 5*a - 2272 = 3*b, -10*a + 2*b + 2273 = -5*a. Calculate the greatest common divisor of w and a.
65
Suppose -y + 3*m = 11 - 6, -m = y - 11. Suppose -5*p = -25, 6*a - 4*a - y = 5*p. Calculate the greatest common divisor of a and 136.
8
Let d be (-4 - -2)*(-986)/4. Suppose 3*i - 20*m = -24*m + 75, 5*m = i - 44. Calculate the greatest common factor of d and i.
29
Let n be ((-90)/30)/((-2)/2770). Calculate the greatest common divisor of n and 15.
15
Suppose 40096 - 5495 = 196*k - 2639. What is the highest common divisor of 70 and k?
10
Suppose -5*r - 2*d + 116 = 0, 6*d - 10*d - 32 = -r. Suppose -5*h - 2*p = -6*p - 41, -3*h + r = -3*p. What is the highest common divisor of h and 45?
9
Let f(t) = 394*t**2 - 21*t - 38. Let u be f(-2). Suppose -12*h = -1444 - u. What is the highest common divisor of h and 36?
36
Let f(s) = -18*s + 1490. Let v be f(-24). Calculate the highest common divisor of 186 and v.
62
Let h be -269 + 289 + (-294)/20 + (-3)/10. Let o(f) = 17*f + 6. Let d be o(7). What is the highest common factor of d and h?
5
Let p = -3 - -5. Suppose -4*j + 564 = -4*a, 0 = -p*j - 3*j - 2*a + 726. What is the greatest common factor of j and 32?
16
Let p be 13/((-1)/1 - -2). Suppose -571 = 34*c - 5951 - 2134. What is the highest common divisor of p and c?
13
Let q(r) = -r**2 + 6*r - 3. Let m be q(2). Let l = 606 - 603. Suppose 6*p - l*t - 385 = p, 425 = m*p + 5*t. What is the greatest common divisor of p and 16?
16
Let q(n) = 8*n**2 - 75*n - 3167. Let x be q(-32). What is the highest common divisor of x and 54?
27
Suppose 9*t + 44 = 1025. Let c = -46 + t. Calculate the highest common factor of 14 and c.
7
Let g = 5001 + -4757. Calculate the highest common factor of 12 and g.
4
Let s be -9 - 20/(-4) - (328 - 5). Let h = 364 + s. What is the greatest common factor of h and 37?
37
Let y(c) = -c**3 - 59*c**2 - 190*c - 1073. Let j be y(-56). Let t be 2/(1 + 105/(-106)). What is the greatest common divisor of t and j?
53
Let u = -41 - -46. Suppose 2*l - 5*i = 60, -4*i - 150 = -u*l + i. Suppose -y = y - l. Calculate the highest common divisor of 30 and y.
15
Suppose -9 = u + 2*u. Let k be (u - -32 - -2) + -1. Let y be 264/(-55)*10/(-4). Calculate the highest common divisor of k and y.
6
Let p be ((-21)/(-6))/((-12)/(-312)). What is the greatest common factor of p and 1729?
91
Let t = 8036 + -6496. What is the highest common factor of t and 84?
28
Suppose 242 = -21*p + 445 + 637. Calculate the highest common factor of 34 and p.
2
Suppose -3*w - 5*s = -1036, 3*w - 871 = 6*s + 209. Calculate the highest common divisor of w and 10648.
88
Let h = -243 - -279. Suppose h*w - 22*w - 154 = 0. Calculate the greatest common factor of 33 and w.
11
Let i be 21/4 + 3/4 + -1. Let j(z) = -2 + i*z**2 - 7*z**2 + z**2 - 5*z + 2*z**2. Let x be j(-4). What is the greatest common divisor of x and 34?
34
Let r(w) = -7*w - 1. Let y be r(-4). Let m = -732 - -737. Suppose -34*i + 36*i = -z + 54, i = -m*z + 27. What is the greatest common divisor of y and i?
27
Let w = -107 - -125. Let n be 1 - w/12 - (-21)/(-2). Let x = 51 + n. Calculate the highest common factor of 8 and x.
8
Suppose 3*m + 325 = 2*x, 2*x - 4*m + 15 = 341. Let o = 176 + -162. Calculate the greatest common divisor of x and o.
7
Let q(r) = 4*r + 219. Let w be q(-31). Let u = 250 + -117. What is the greatest common factor of u and w?
19
Let u(l) = -3*l**3 - 19*l**2 - 118*l - 49. Let g be u(-7). Calculate the highest common factor of g and 95.
5
Let b(j) = -21*j + 9*j + 3*j + 5*j - 14. Let l be b(-4). Calculate the highest common factor of l and 18.
2
Let z(y) = 2*y**3 + 12*y**2 + 7*y + 4. Let x be z(-8). Let k = x + 406. Calculate the highest common divisor of k and 2.
2
Suppose 3*j + 3 + 3 = -4*g, -5*j - 10 = -5*g. Let x(l) = l**2 - 2*l + 56. Let h be x(g). Suppose 7*i - h = 3*i. What is the greatest common factor of 14 and i?
14
Let w(k) = k**3 - 5*k**2 - 9*k. Let v be w(7). Suppose -j = 5*y + 5, 3*j = j + 2*y + 14. Calculate the greatest common divisor of v and j.
5
Let j = 22 - -160. Let y(p) = p**2 + 46*p - 1470. Let a be y(-68). Calculate the greatest common factor of a and j.
26
Let t(r) = r**2 - 2*r - 1. Let v = 1 + 4. Let n be t(v). Let h = 565 - 544. What is the highest common factor of n and h?
7
Suppose -t + 255 = 2*t. Suppose t - 221 = -4*l. What is the highest common divisor of l and 221?
17
Let s(k) = -7*k**2 + 56*k + 551. Let c be s(0). Calculate the highest common factor of c and 95.
19
Let m be ((-5)/10)/((15/(-114))/5). Suppose 3*u - 3*y - m - 62 = 0, -y + 5 = 0. Suppose 132 = 5*k + u. Calculate the highest common factor of k and 10.
10
Let f(j) = -126*j + 44. Let k(p) = -2*p + 1. Let u(r) = -f(r) - 4*k(r). Let y be u(2). What is the greatest common factor of 20 and y?
20
Suppose 2211650 = -75*k + 250*k. Calculate the highest common factor of 71 and k.
71
Let u(d) = d**3 - 6*d**2 + 10*d + 1. Suppose -420 - 660 = 12*r. Let h = r + 97. Let c be u(h). Calculate the greatest common factor of c and 30.
30
Let t = -257 + 488. Let a = -177 + t. Calculate the greatest common divisor of 12 and a.
6
Suppose 7274 + 13516 = 63*f. What is the highest common factor of f and 726?
66
Suppose 0 = 2*a + 4*z - 3*z + 11, -2*z - 18 = 3*a. Let i be (a + 14)/5 + 2. What is the greatest common divisor of 4 and i?
4
Let h be (220/(-99) - -2)*-54. Suppose d + 12 = 2*d. Calculate the highest common factor of d and h.
12
Suppose 0 = 17*g + 4652 - 7355. Calculate the highest common factor of 265 and g.
53
Let g = 38 - 34. Let t be 32 + 2*(6/g)/3. Let q = -7 + 73. What is the greatest common divisor of t and q?
33
Let v(m) = -m - 16. Let i be v(6). Let s = 22 + i. Let q = s + 21. Calculate the greatest common factor of q and 21.
21
Suppose 3*i + 56 = 245. Let g(o) = -o**3 - 19*o**2 + 18*o - 36. Let r be g(-20). Let j be 138*(-1)/(-3) - r. Calculate the highest common divisor of i and j.
21
Suppose 5*b - b + 300 = o, 0 = 5*b + 15. S